{"id":47923,"date":"2025-11-17T11:23:36","date_gmt":"2025-11-17T14:23:36","guid":{"rendered":"https:\/\/www.redalc.uda.cl\/?page_id=47923"},"modified":"2025-11-17T11:26:05","modified_gmt":"2025-11-17T14:26:05","slug":"requisitos-fase-asincronica-cata","status":"publish","type":"page","link":"https:\/\/www.redalc.uda.cl\/index.php\/requisitos-fase-asincronica-cata\/","title":{"rendered":"REQUISITOS FASE ASINCRONICA &#8211; CATA"},"content":{"rendered":"<p>[et_pb_section fb_built=\u00bb1&#8243; _builder_version=\u00bb4.27.4&#8243; _module_preset=\u00bbdefault\u00bb background_color=\u00bb#266BA6&#8243; custom_padding=\u00bb37px||40px|||\u00bb global_colors_info=\u00bb{}\u00bb][et_pb_row column_structure=\u00bb1_2,1_2&#8243; _builder_version=\u00bb4.27.4&#8243; _module_preset=\u00bbdefault\u00bb custom_padding=\u00bb||0px|||\u00bb global_colors_info=\u00bb{}\u00bb][et_pb_column type=\u00bb1_2&#8243; _builder_version=\u00bb4.27.4&#8243; _module_preset=\u00bbdefault\u00bb global_colors_info=\u00bb{}\u00bb][et_pb_text _builder_version=\u00bb4.27.4&#8243; _module_preset=\u00bbdefault\u00bb header_text_color=\u00bb#FFFFFF\u00bb header_font_size=\u00bb40px\u00bb custom_margin=\u00bb||3px|||\u00bb custom_padding=\u00bb0px|||||\u00bb global_colors_info=\u00bb{}\u00bb]<\/p>\n<h1>REQUISITOS<\/h1>\n<p>[\/et_pb_text][et_pb_text _builder_version=\u00bb4.27.4&#8243; _module_preset=\u00bbdefault\u00bb text_text_color=\u00bb#FFFFFF\u00bb text_font_size=\u00bb18px\u00bb global_colors_info=\u00bb{}\u00bb]<\/p>\n<p>FASE ASINCRONICA\u00a0 |\u00a0 PRIMERA CONVENCI\u00d3N PRESENCIAL<\/p>\n<p>[\/et_pb_text][\/et_pb_column][et_pb_column type=\u00bb1_2&#8243; _builder_version=\u00bb4.27.4&#8243; _module_preset=\u00bbdefault\u00bb global_colors_info=\u00bb{}\u00bb][\/et_pb_column][\/et_pb_row][\/et_pb_section][et_pb_section fb_built=\u00bb1&#8243; _builder_version=\u00bb4.27.4&#8243; _module_preset=\u00bbdefault\u00bb global_colors_info=\u00bb{}\u00bb][et_pb_row _builder_version=\u00bb4.27.4&#8243; _module_preset=\u00bbdefault\u00bb global_colors_info=\u00bb{}\u00bb][et_pb_column type=\u00bb4_4&#8243; _builder_version=\u00bb4.27.4&#8243; _module_preset=\u00bbdefault\u00bb background_color=\u00bb#266BA6&#8243; border_radii=\u00bbon|15px|15px|15px|15px\u00bb global_colors_info=\u00bb{}\u00bb][et_pb_text _builder_version=\u00bb4.27.4&#8243; _module_preset=\u00bbdefault\u00bb text_text_color=\u00bb#FFFFFF\u00bb text_font_size=\u00bb18px\u00bb header_text_color=\u00bb#FFFFFF\u00bb header_3_text_color=\u00bb#FFFFFF\u00bb header_3_font_size=\u00bb25px\u00bb custom_margin=\u00bb||0px|||\u00bb custom_padding=\u00bb20px|25px|0px|21px||\u00bb global_colors_info=\u00bb{}\u00bb]<\/p>\n<h3><strong>Formato Ponencias para web<\/strong><\/h3>\n<p>&nbsp;<\/p>\n<p><strong>PONENCIA ESCRITA (PARA P\u00c1GINA WEB DEL CONGRESO)<\/strong><\/p>\n<p>&nbsp;<\/p>\n<ul>\n<li>Tipo: Times New Roman<\/li>\n<li>Tama\u00f1o: 12 puntos.<\/li>\n<li>Interlineado 1.5 l\u00edneas.<\/li>\n<li>T\u00edtulo de la Ponencia: centrado en negritas, con may\u00fascula.<\/li>\n<li>Nombre del Autor (es): nombre completo<\/li>\n<li>Afiliaci\u00f3n del Autor: nombre completo de la instituci\u00f3n (universidad u organizaci\u00f3n).<\/li>\n<li>Correo Electr\u00f3nico del Autor:<\/li>\n<li>Resumen: entre 150 y 250 palabras. En un solo p\u00e1rrafo<\/li>\n<li>Palabras Clave: entre 3 y 5 palabras clave, separadas por comas.<\/li>\n<li>Referencias: Listado al final del documento, en orden alfab\u00e9tico.<\/li>\n<li>Formato APA 7\u00aa<\/li>\n<\/ul>\n<p>[\/et_pb_text][et_pb_text _builder_version=\u00bb4.27.4&#8243; _module_preset=\u00bbdefault\u00bb text_text_color=\u00bb#266BA6&#8243; text_font_size=\u00bb18px\u00bb header_text_color=\u00bb#266BA6&#8243; header_3_text_color=\u00bb#266BA6&#8243; background_color=\u00bb#FFFFFF\u00bb custom_padding=\u00bb44px|25px|30px|21px||\u00bb global_colors_info=\u00bb{}\u00bb]<\/p>\n<h3 style=\"text-align: justify;\">VIDEO DE LA PONENCIA<\/h3>\n<ul>\n<li style=\"text-align: justify;\">Estrategia para el Video ( puede ser un video grabado de un zoom o una forma similar )<\/li>\n<li style=\"text-align: justify;\">Presentaci\u00f3n (t\u00edtulo de la ponencia, nombre del autor y afiliaci\u00f3n institucional, breve resumen de los objetivos y la estructura del video)<\/li>\n<li style=\"text-align: justify;\">Pautas T\u00e9cnicas<\/li>\n<li style=\"text-align: justify;\">Calidad del Video: alta resoluci\u00f3n<\/li>\n<li style=\"text-align: justify;\">Audio Claro: usa un micr\u00f3fono de buena calidad.<\/li>\n<li style=\"text-align: justify;\">Presentaci\u00f3n Visual: usa diapositivas claras y legibles.<\/li>\n<li style=\"text-align: justify;\">Duraci\u00f3n: no exceder los 20 minutos.<\/li>\n<li style=\"text-align: justify;\">Edici\u00f3n: aseg\u00farate de que el video est\u00e9 bien editado para eliminar pausas innecesarias o errores.<\/li>\n<\/ul>\n<p>[\/et_pb_text][et_pb_text _builder_version=\u00bb4.27.4&#8243; _module_preset=\u00bbdefault\u00bb text_text_color=\u00bb#FFFFFF\u00bb text_font_size=\u00bb18px\u00bb header_text_color=\u00bb#FFFFFF\u00bb header_3_text_color=\u00bb#FFFFFF\u00bb custom_margin=\u00bb||0px|||\u00bb custom_padding=\u00bb20px|25px|18px|21px||\u00bb global_colors_info=\u00bb{}\u00bb]<\/p>\n<h3 style=\"text-align: justify;\">Presencialidad (Noviembre, Universidad de Atacama)<\/h3>\n<p style=\"text-align: justify;\">\n<ul>\n<li style=\"text-align: justify;\">Mesas de Conversatorios: En noviembre, durante la Presencialidad del evento, se llevar\u00e1n a cabo mesas de conversatorios sobre los ejes y ponencias previamente subidas a la web .<\/li>\n<li style=\"text-align: justify;\"><strong>Objetivo de las Mesas:<\/strong><\/li>\n<li style=\"text-align: justify;\">El prop\u00f3sito de estas mesas es abordar, conocer experiencias y reflexiones te\u00f3ricas sobre \u00e1reas y temas presentados en las ponencias y el material del I CONGRESO LATINOAMERICANO DERECHO, CIENCIA Y ARTE.<\/li>\n<li style=\"text-align: justify;\">Generaci\u00f3n de Proyectos de Investigaci\u00f3n conocer a colegas y estudiantes que trabajen sobre los mismos intereses para fomentar la generaci\u00f3n de proyectos de investigaci\u00f3n a partir de las discusiones en las mesas.<\/li>\n<li style=\"text-align: justify;\">Generar propuestas de investigaci\u00f3n, acuerdos para establecer una proyecci\u00f3n para los pr\u00f3ximos dos a\u00f1os.<\/li>\n<\/ul>\n<p>[\/et_pb_text][\/et_pb_column][\/et_pb_row][\/et_pb_section][et_pb_section fb_built=\u00bb1&#8243; _builder_version=\u00bb4.27.4&#8243; _module_preset=\u00bbdefault\u00bb global_colors_info=\u00bb{}\u00bb][et_pb_row _builder_version=\u00bb4.27.4&#8243; _module_preset=\u00bbdefault\u00bb global_colors_info=\u00bb{}\u00bb][et_pb_column type=\u00bb4_4&#8243; _builder_version=\u00bb4.27.4&#8243; _module_preset=\u00bbdefault\u00bb global_colors_info=\u00bb{}\u00bb][et_pb_image src=\u00bbhttps:\/\/www.redalc.uda.cl\/wp-content\/uploads\/2025\/11\/Captura-de-pantalla-2025-11-09-232518.png\u00bb title_text=\u00bbCaptura de pantalla 2025-11-09 232518&#8243; _builder_version=\u00bb4.27.4&#8243; _module_preset=\u00bbdefault\u00bb global_colors_info=\u00bb{}\u00bb][\/et_pb_image][\/et_pb_column][\/et_pb_row][\/et_pb_section]<\/p>\n","protected":false},"excerpt":{"rendered":"<p>REQUISITOSFASE ASINCRONICA\u00a0 |\u00a0 PRIMERA CONVENCI\u00d3N PRESENCIALFormato Ponencias para web &nbsp; PONENCIA ESCRITA (PARA P\u00c1GINA WEB DEL CONGRESO) &nbsp; Tipo: Times New Roman Tama\u00f1o: 12 puntos. Interlineado 1.5 l\u00edneas. T\u00edtulo de la Ponencia: centrado en negritas, con may\u00fascula. Nombre del Autor (es): nombre completo Afiliaci\u00f3n del Autor: nombre completo de la instituci\u00f3n (universidad u organizaci\u00f3n). Correo [&hellip;]<\/p>\n","protected":false},"author":3,"featured_media":0,"parent":0,"menu_order":0,"comment_status":"closed","ping_status":"closed","template":"","meta":{"_et_pb_use_builder":"on","_et_pb_old_content":"","_et_gb_content_width":"","footnotes":""},"class_list":["post-47923","page","type-page","status-publish","hentry"],"_links":{"self":[{"href":"https:\/\/www.redalc.uda.cl\/index.php\/wp-json\/wp\/v2\/pages\/47923","targetHints":{"allow":["GET"]}}],"collection":[{"href":"https:\/\/www.redalc.uda.cl\/index.php\/wp-json\/wp\/v2\/pages"}],"about":[{"href":"https:\/\/www.redalc.uda.cl\/index.php\/wp-json\/wp\/v2\/types\/page"}],"author":[{"embeddable":true,"href":"https:\/\/www.redalc.uda.cl\/index.php\/wp-json\/wp\/v2\/users\/3"}],"replies":[{"embeddable":true,"href":"https:\/\/www.redalc.uda.cl\/index.php\/wp-json\/wp\/v2\/comments?post=47923"}],"version-history":[{"count":6,"href":"https:\/\/www.redalc.uda.cl\/index.php\/wp-json\/wp\/v2\/pages\/47923\/revisions"}],"predecessor-version":[{"id":47931,"href":"https:\/\/www.redalc.uda.cl\/index.php\/wp-json\/wp\/v2\/pages\/47923\/revisions\/47931"}],"wp:attachment":[{"href":"https:\/\/www.redalc.uda.cl\/index.php\/wp-json\/wp\/v2\/media?parent=47923"}],"curies":[{"name":"wp","href":"https:\/\/api.w.org\/{rel}","templated":true}]}}