{"id":47766,"date":"2025-11-18T00:58:20","date_gmt":"2025-11-18T03:58:20","guid":{"rendered":"https:\/\/www.redalc.uda.cl\/?page_id=47766"},"modified":"2025-11-18T00:58:27","modified_gmt":"2025-11-18T03:58:27","slug":"genero-feminismo-y-diversidad-sexuales-cata","status":"publish","type":"page","link":"https:\/\/www.redalc.uda.cl\/index.php\/genero-feminismo-y-diversidad-sexuales-cata\/","title":{"rendered":"G\u00c9NERO, FEMINISMO Y DIVERSIDAD SEXUALES &#8211; CATA"},"content":{"rendered":"<p>[et_pb_section fb_built=\u00bb1&#8243; _builder_version=\u00bb4.27.4&#8243; _module_preset=\u00bbdefault\u00bb custom_padding=\u00bb0px||0px|||\u00bb global_colors_info=\u00bb{}\u00bb][et_pb_row _builder_version=\u00bb4.27.4&#8243; _module_preset=\u00bbdefault\u00bb global_colors_info=\u00bb{}\u00bb][et_pb_column type=\u00bb4_4&#8243; _builder_version=\u00bb4.27.4&#8243; _module_preset=\u00bbdefault\u00bb global_colors_info=\u00bb{}\u00bb][et_pb_text _builder_version=\u00bb4.27.4&#8243; _module_preset=\u00bbdefault\u00bb text_text_color=\u00bb#022859&#8243; text_font_size=\u00bb18px\u00bb header_text_color=\u00bb#022859&#8243; header_font_size=\u00bb55px\u00bb global_colors_info=\u00bb{}\u00bb]<\/p>\n<h1>G\u00c9NERO, FEMINISMO Y DIVERSIDAD SEXUALES<\/h1>\n<p>&nbsp;<\/p>\n<p style=\"text-align: justify;\">Investigaciones sobre desigualdades, resistencias y propuestas transformadoras desde perspectivas feministas y queer.<\/p>\n<p>[\/et_pb_text][\/et_pb_column][\/et_pb_row][\/et_pb_section][et_pb_section fb_built=\u00bb1&#8243; _builder_version=\u00bb4.27.4&#8243; _module_preset=\u00bbdefault\u00bb custom_padding=\u00bb||5px|||\u00bb global_colors_info=\u00bb{}\u00bb][et_pb_row column_structure=\u00bb1_2,1_2&#8243; _builder_version=\u00bb4.27.4&#8243; _module_preset=\u00bbdefault\u00bb custom_padding=\u00bb||16px|||\u00bb global_colors_info=\u00bb{}\u00bb][et_pb_column type=\u00bb1_2&#8243; _builder_version=\u00bb4.27.4&#8243; _module_preset=\u00bbdefault\u00bb global_colors_info=\u00bb{}\u00bb][et_pb_text _builder_version=\u00bb4.27.4&#8243; _module_preset=\u00bbdefault\u00bb header_text_color=\u00bb#022859&#8243; global_colors_info=\u00bb{}\u00bb]<\/p>\n<h1>G\u00e9nero.<\/h1>\n<p style=\"text-align: justify;\">El estudio del g\u00e9nero busca comprender c\u00f3mo las construcciones sociales influyen en la identidad y las relaciones humanas. Esta l\u00ednea promueve la reflexi\u00f3n sobre los roles, estereotipos y din\u00e1micas de poder, cuestionando desigualdades hist\u00f3ricas y fomentando la equidad y el respeto entre todas las personas.<\/p>\n<p>[\/et_pb_text][et_pb_text _builder_version=\u00bb4.27.4&#8243; _module_preset=\u00bbdefault\u00bb header_text_color=\u00bb#022859&#8243; header_3_text_color=\u00bb#022859&#8243; custom_margin=\u00bb||-3px|||\u00bb global_colors_info=\u00bb{}\u00bb]<\/p>\n<h3>Coordinadora<\/h3>\n<p><em>Geomar Perez<\/em><\/p>\n<p>[\/et_pb_text][et_pb_button button_text=\u00bbLIstado de participantes\u00bb _builder_version=\u00bb4.27.4&#8243; _module_preset=\u00bbdefault\u00bb button_text_size=\u00bb15px\u00bb button_text_color=\u00bb#FFFFFF\u00bb button_bg_color=\u00bb#022859&#8243; button_border_radius=\u00bb41px\u00bb transform_scale=\u00bb98%|98%\u00bb transform_translate=\u00bb203px|-54px\u00bb transform_translate_linked=\u00bboff\u00bb background_layout=\u00bbdark\u00bb custom_margin=\u00bb0px||0px||false|false\u00bb custom_padding=\u00bb7px|24px|7px|24px|true|true\u00bb hover_enabled=\u00bb0&#8243; global_colors_info=\u00bb{}\u00bb sticky_enabled=\u00bb0&#8243;][\/et_pb_button][et_pb_code _builder_version=\u00bb4.27.4&#8243; _module_preset=\u00bbdefault\u00bb hover_enabled=\u00bb0&#8243; sticky_enabled=\u00bb0&#8243;]<\/p>\n<div style=\"<!-- [et_pb_line_break_holder] -->    max-width: 600px;<!-- [et_pb_line_break_holder] -->    margin: 30px auto;<!-- [et_pb_line_break_holder] -->    padding: 15px;<!-- [et_pb_line_break_holder] -->    background: #ffffff;<!-- [et_pb_line_break_holder] -->    border-radius: 16px;<!-- [et_pb_line_break_holder] -->    box-shadow: 0 6px 18px rgba(0,0,0,0.15);<!-- [et_pb_line_break_holder] -->\u00ab><!-- [et_pb_line_break_holder] -->  <iframe<!-- [et_pb_line_break_holder] -->    src=\u00bbhttps:\/\/www.instagram.com\/p\/C6I86xAg73n\/embed\/?cr=1&#038;v=14&#038;wp=540&#038;rd=https:\/\/www.instagram.com&#038;rp=%2Fp%2FC6I86xAg73n-&#038;omitscript=false\u00bb<!-- [et_pb_line_break_holder] -->    allowtransparency=\u00bbtrue\u00bb<!-- [et_pb_line_break_holder] -->    frameborder=\u00bb0&#8243;<!-- [et_pb_line_break_holder] -->    scrolling=\u00bbno\u00bb<!-- [et_pb_line_break_holder] -->    height=\u00bb680&#8243;<!-- [et_pb_line_break_holder] -->    style=\u00bb<!-- [et_pb_line_break_holder] -->      width: 100%;<!-- [et_pb_line_break_holder] -->      border: 0;<!-- [et_pb_line_break_holder] -->      border-radius: 12px;<!-- [et_pb_line_break_holder] -->      overflow: hidden;<!-- [et_pb_line_break_holder] -->    \u00ab<!-- [et_pb_line_break_holder] -->  ><\/iframe><!-- [et_pb_line_break_holder] --><\/div>\n<p><!-- [et_pb_line_break_holder] --><script async src=\"https:\/\/www.instagram.com\/embed.js\"><\/script><!-- [et_pb_line_break_holder] -->[\/et_pb_code][\/et_pb_column][et_pb_column type=\u00bb1_2&#8243; _builder_version=\u00bb4.27.4&#8243; _module_preset=\u00bbdefault\u00bb global_colors_info=\u00bb{}\u00bb][et_pb_text _builder_version=\u00bb4.27.4&#8243; _module_preset=\u00bbdefault\u00bb header_text_color=\u00bb#022859&#8243; global_colors_info=\u00bb{}\u00bb]<\/p>\n<h1>Feminismo.<\/h1>\n<p style=\"text-align: justify;\">El estudio del feminismo se centra en la lucha por la igualdad de derechos y oportunidades entre mujeres y hombres. Esta l\u00ednea invita a reflexionar sobre las estructuras sociales y culturales que perpet\u00faan la discriminaci\u00f3n, promoviendo la justicia, la inclusi\u00f3n y la transformaci\u00f3n social.<\/p>\n<p>[\/et_pb_text][et_pb_text _builder_version=\u00bb4.27.4&#8243; _module_preset=\u00bbdefault\u00bb header_text_color=\u00bb#022859&#8243; header_3_text_color=\u00bb#022859&#8243; custom_margin=\u00bb||-3px|||\u00bb global_colors_info=\u00bb{}\u00bb]<\/p>\n<h3>Coordinadora<\/h3>\n<p><em>Geomar Perez<\/em><\/p>\n<p>[\/et_pb_text][et_pb_button button_text=\u00bbLIstado de participantes\u00bb _builder_version=\u00bb4.27.4&#8243; _module_preset=\u00bbdefault\u00bb button_text_size=\u00bb15px\u00bb button_text_color=\u00bb#FFFFFF\u00bb button_bg_color=\u00bb#022859&#8243; button_border_radius=\u00bb41px\u00bb transform_scale=\u00bb98%|98%\u00bb transform_translate=\u00bb203px|-54px\u00bb transform_translate_linked=\u00bboff\u00bb background_layout=\u00bbdark\u00bb custom_margin=\u00bb0px||0px||false|false\u00bb custom_padding=\u00bb7px|24px|7px|24px|true|true\u00bb hover_enabled=\u00bb0&#8243; global_colors_info=\u00bb{}\u00bb sticky_enabled=\u00bb0&#8243;][\/et_pb_button][et_pb_code _builder_version=\u00bb4.27.4&#8243; _module_preset=\u00bbdefault\u00bb hover_enabled=\u00bb0&#8243; sticky_enabled=\u00bb0&#8243;]<\/p>\n<div style=\"<!-- [et_pb_line_break_holder] -->    max-width: 600px;<!-- [et_pb_line_break_holder] -->    margin: 30px auto;<!-- [et_pb_line_break_holder] -->    padding: 15px;<!-- [et_pb_line_break_holder] -->    background: #ffffff;<!-- [et_pb_line_break_holder] -->    border-radius: 16px;<!-- [et_pb_line_break_holder] -->    box-shadow: 0 6px 18px rgba(0,0,0,0.15);<!-- [et_pb_line_break_holder] -->\u00ab><!-- [et_pb_line_break_holder] -->  <iframe<!-- [et_pb_line_break_holder] -->    src=\u00bbhttps:\/\/www.instagram.com\/p\/ChKVg6-sl8S\/embed\/?cr=1&#038;v=14&#038;wp=540&#038;rd=https:\/\/www.instagram.com&#038;rp=%2Fp%2FChKVg6-sl8S-&#038;omitscript=false\u00bb<!-- [et_pb_line_break_holder] -->    allowtransparency=\u00bbtrue\u00bb<!-- [et_pb_line_break_holder] -->    frameborder=\u00bb0&#8243;<!-- [et_pb_line_break_holder] -->    scrolling=\u00bbno\u00bb<!-- [et_pb_line_break_holder] -->    height=\u00bb680&#8243;<!-- [et_pb_line_break_holder] -->    style=\u00bb<!-- [et_pb_line_break_holder] -->      width: 100%;<!-- [et_pb_line_break_holder] -->      border: 0;<!-- [et_pb_line_break_holder] -->      border-radius: 12px;<!-- [et_pb_line_break_holder] -->      overflow: hidden;<!-- [et_pb_line_break_holder] -->    \u00ab<!-- [et_pb_line_break_holder] -->  ><\/iframe><!-- [et_pb_line_break_holder] --><\/div>\n<p><!-- [et_pb_line_break_holder] --><script async src=\"https:\/\/www.instagram.com\/embed.js\"><\/script><!-- [et_pb_line_break_holder] -->[\/et_pb_code][\/et_pb_column][\/et_pb_row][et_pb_row column_structure=\u00bb1_2,1_2&#8243; _builder_version=\u00bb4.27.4&#8243; _module_preset=\u00bbdefault\u00bb custom_padding=\u00bb||16px|||\u00bb global_colors_info=\u00bb{}\u00bb][et_pb_column type=\u00bb1_2&#8243; _builder_version=\u00bb4.27.4&#8243; _module_preset=\u00bbdefault\u00bb global_colors_info=\u00bb{}\u00bb][et_pb_text _builder_version=\u00bb4.27.4&#8243; _module_preset=\u00bbdefault\u00bb header_text_color=\u00bb#022859&#8243; global_colors_info=\u00bb{}\u00bb]<\/p>\n<h1>Diversidades sexuales.<\/h1>\n<p style=\"text-align: justify;\">El estudio de las diversidades sexuales busca visibilizar y valorar la pluralidad de orientaciones e identidades. Esta l\u00ednea promueve la reflexi\u00f3n sobre los v\u00ednculos sociales, culturales y legales, cuestionando normas excluyentes y fomentando la aceptaci\u00f3n, el respeto y la igualdad para todas las personas.<\/p>\n<p>[\/et_pb_text][et_pb_text _builder_version=\u00bb4.27.4&#8243; _module_preset=\u00bbdefault\u00bb header_text_color=\u00bb#022859&#8243; header_3_text_color=\u00bb#022859&#8243; custom_margin=\u00bb||-3px|||\u00bb global_colors_info=\u00bb{}\u00bb]<\/p>\n<h3>Coordinadora<\/h3>\n<p><em>Geomar Perez<\/em><\/p>\n<p>[\/et_pb_text][et_pb_button button_text=\u00bbLIstado de participantes\u00bb _builder_version=\u00bb4.27.4&#8243; _module_preset=\u00bbdefault\u00bb button_text_size=\u00bb15px\u00bb button_text_color=\u00bb#FFFFFF\u00bb button_bg_color=\u00bb#022859&#8243; button_border_radius=\u00bb41px\u00bb transform_scale=\u00bb98%|98%\u00bb transform_translate=\u00bb203px|-54px\u00bb transform_translate_linked=\u00bboff\u00bb background_layout=\u00bbdark\u00bb custom_margin=\u00bb0px||186px||false|false\u00bb custom_padding=\u00bb7px|24px|7px|24px|true|true\u00bb hover_enabled=\u00bb0&#8243; global_colors_info=\u00bb{}\u00bb sticky_enabled=\u00bb0&#8243;][\/et_pb_button][et_pb_text _builder_version=\u00bb4.27.4&#8243; _module_preset=\u00bbdefault\u00bb global_colors_info=\u00bb{}\u00bb]<\/p>\n<h3>\u00bfTe gustar\u00eda integrarte a uno de nuestros grupos de investigaci\u00f3n?<\/h3>\n<p style=\"text-align: justify;\">\n<p style=\"text-align: justify;\">\n<p style=\"text-align: justify;\">\u00danete a REDALC, una red intercultural que promueve la colaboraci\u00f3n y el conocimiento compartido.<\/p>\n<p>[\/et_pb_text][et_pb_image src=\u00bbhttps:\/\/www.redalc.uda.cl\/wp-content\/uploads\/2025\/11\/boton-redes-20.png\u00bb title_text=\u00bbboton redes-20&#8243; _builder_version=\u00bb4.27.4&#8243; _module_preset=\u00bbdefault\u00bb transform_translate=\u00bb0px|24px\u00bb transform_translate_linked=\u00bboff\u00bb global_colors_info=\u00bb{}\u00bb][\/et_pb_image][et_pb_button button_text=\u00bbINSCRIPCI\u00d3N \u00bb _builder_version=\u00bb4.27.4&#8243; _module_preset=\u00bbdefault\u00bb button_text_size=\u00bb18px\u00bb button_text_color=\u00bb#022859&#8243; button_bg_color=\u00bbRGBA(255,255,255,0)\u00bb button_border_radius=\u00bb41px\u00bb transform_scale=\u00bb98%|98%\u00bb transform_translate=\u00bb18px|-75px\u00bb transform_translate_linked=\u00bboff\u00bb background_layout=\u00bbdark\u00bb custom_margin=\u00bb0px||0px||false|false\u00bb custom_padding=\u00bb7px|24px|7px|24px|true|true\u00bb global_colors_info=\u00bb{}\u00bb][\/et_pb_button][\/et_pb_column][et_pb_column type=\u00bb1_2&#8243; _builder_version=\u00bb4.27.4&#8243; _module_preset=\u00bbdefault\u00bb global_colors_info=\u00bb{}\u00bb][et_pb_code _builder_version=\u00bb4.27.4&#8243; _module_preset=\u00bbdefault\u00bb hover_enabled=\u00bb0&#8243; sticky_enabled=\u00bb0&#8243;]<\/p>\n<div style=\"<!-- [et_pb_line_break_holder] -->    max-width: 600px;<!-- [et_pb_line_break_holder] -->    margin: 30px auto;<!-- [et_pb_line_break_holder] -->    padding: 15px;<!-- [et_pb_line_break_holder] -->    background: #ffffff;<!-- [et_pb_line_break_holder] -->    border-radius: 16px;<!-- [et_pb_line_break_holder] -->    box-shadow: 0 6px 18px rgba(0,0,0,0.15);<!-- [et_pb_line_break_holder] -->\u00ab><!-- [et_pb_line_break_holder] -->  <iframe<!-- [et_pb_line_break_holder] -->    src=\u00bbhttps:\/\/www.instagram.com\/p\/ChfQ_qkracG\/embed\/?cr=1&#038;v=14&#038;wp=540&#038;rd=https:\/\/www.instagram.com&#038;rp=%2Fp%2FChfQ_qkracG-&#038;omitscript=false\u00bb<!-- [et_pb_line_break_holder] -->    allowtransparency=\u00bbtrue\u00bb<!-- [et_pb_line_break_holder] -->    frameborder=\u00bb0&#8243;<!-- [et_pb_line_break_holder] -->    scrolling=\u00bbno\u00bb<!-- [et_pb_line_break_holder] -->    height=\u00bb680&#8243;<!-- [et_pb_line_break_holder] -->    style=\u00bb<!-- [et_pb_line_break_holder] -->      width: 100%;<!-- [et_pb_line_break_holder] -->      border: 0;<!-- [et_pb_line_break_holder] -->      border-radius: 12px;<!-- [et_pb_line_break_holder] -->      overflow: hidden;<!-- [et_pb_line_break_holder] -->    \u00ab<!-- [et_pb_line_break_holder] -->  ><\/iframe><!-- [et_pb_line_break_holder] --><\/div>\n<p><!-- [et_pb_line_break_holder] --><script async src=\"https:\/\/www.instagram.com\/embed.js\"><\/script><!-- [et_pb_line_break_holder] -->[\/et_pb_code][\/et_pb_column][\/et_pb_row][\/et_pb_section]<\/p>\n","protected":false},"excerpt":{"rendered":"<p>G\u00c9NERO, FEMINISMO Y DIVERSIDAD SEXUALES &nbsp; Investigaciones sobre desigualdades, resistencias y propuestas transformadoras desde perspectivas feministas y queer.G\u00e9nero. El estudio del g\u00e9nero busca comprender c\u00f3mo las construcciones sociales influyen en la identidad y las relaciones humanas. Esta l\u00ednea promueve la reflexi\u00f3n sobre los roles, estereotipos y din\u00e1micas de poder, cuestionando desigualdades hist\u00f3ricas y fomentando la [&hellip;]<\/p>\n","protected":false},"author":3,"featured_media":0,"parent":0,"menu_order":0,"comment_status":"closed","ping_status":"closed","template":"","meta":{"_et_pb_use_builder":"on","_et_pb_old_content":"","_et_gb_content_width":"","footnotes":""},"class_list":["post-47766","page","type-page","status-publish","hentry"],"_links":{"self":[{"href":"https:\/\/www.redalc.uda.cl\/index.php\/wp-json\/wp\/v2\/pages\/47766","targetHints":{"allow":["GET"]}}],"collection":[{"href":"https:\/\/www.redalc.uda.cl\/index.php\/wp-json\/wp\/v2\/pages"}],"about":[{"href":"https:\/\/www.redalc.uda.cl\/index.php\/wp-json\/wp\/v2\/types\/page"}],"author":[{"embeddable":true,"href":"https:\/\/www.redalc.uda.cl\/index.php\/wp-json\/wp\/v2\/users\/3"}],"replies":[{"embeddable":true,"href":"https:\/\/www.redalc.uda.cl\/index.php\/wp-json\/wp\/v2\/comments?post=47766"}],"version-history":[{"count":4,"href":"https:\/\/www.redalc.uda.cl\/index.php\/wp-json\/wp\/v2\/pages\/47766\/revisions"}],"predecessor-version":[{"id":48051,"href":"https:\/\/www.redalc.uda.cl\/index.php\/wp-json\/wp\/v2\/pages\/47766\/revisions\/48051"}],"wp:attachment":[{"href":"https:\/\/www.redalc.uda.cl\/index.php\/wp-json\/wp\/v2\/media?parent=47766"}],"curies":[{"name":"wp","href":"https:\/\/api.w.org\/{rel}","templated":true}]}}