{"id":47685,"date":"2025-11-07T10:11:53","date_gmt":"2025-11-07T13:11:53","guid":{"rendered":"https:\/\/www.redalc.uda.cl\/?page_id=47685"},"modified":"2025-11-18T01:33:39","modified_gmt":"2025-11-18T04:33:39","slug":"grupo-de-docentes-cata-2","status":"publish","type":"page","link":"https:\/\/www.redalc.uda.cl\/index.php\/grupo-de-docentes-cata-2\/","title":{"rendered":"GRUPO DE DOCENTES &#8211; CATA"},"content":{"rendered":"<p>[et_pb_section fb_built=\u00bb1&#8243; _builder_version=\u00bb4.27.4&#8243; _module_preset=\u00bbdefault\u00bb global_colors_info=\u00bb{}\u00bb][et_pb_row column_structure=\u00bb1_2,1_2&#8243; _builder_version=\u00bb4.27.4&#8243; _module_preset=\u00bbdefault\u00bb global_colors_info=\u00bb{}\u00bb][et_pb_column type=\u00bb1_2&#8243; _builder_version=\u00bb4.27.4&#8243; _module_preset=\u00bbdefault\u00bb global_colors_info=\u00bb{}\u00bb][et_pb_text _builder_version=\u00bb4.27.4&#8243; _module_preset=\u00bbdefault\u00bb header_text_color=\u00bb#D98B29&#8243; header_font_size=\u00bb59px\u00bb global_colors_info=\u00bb{}\u00bb]<\/p>\n<h1>REDES DE DOCENTES<\/h1>\n<p>[\/et_pb_text][et_pb_button button_text=\u00bbinscr\u00edbete\u00bb _builder_version=\u00bb4.27.4&#8243; _module_preset=\u00bbdefault\u00bb button_text_size=\u00bb18px\u00bb button_text_color=\u00bb#FFFFFF\u00bb button_bg_color=\u00bb#D98B29&#8243; button_border_radius=\u00bb41px\u00bb transform_scale=\u00bb98%|98%\u00bb transform_translate_linked=\u00bboff\u00bb background_layout=\u00bbdark\u00bb custom_margin=\u00bb0px||0px||false|false\u00bb custom_padding=\u00bb7px|24px|7px|24px|true|true\u00bb global_colors_info=\u00bb{}\u00bb][\/et_pb_button][\/et_pb_column][et_pb_column type=\u00bb1_2&#8243; _builder_version=\u00bb4.27.4&#8243; _module_preset=\u00bbdefault\u00bb global_colors_info=\u00bb{}\u00bb][et_pb_text _builder_version=\u00bb4.27.4&#8243; _module_preset=\u00bbdefault\u00bb text_font_size=\u00bb18px\u00bb custom_margin=\u00bb24px|||||\u00bb global_colors_info=\u00bb{}\u00bb]<\/p>\n<p style=\"text-align: justify;\">El cuerpo docente que colabora con REDALC est\u00e1 conformado por acad\u00e9micos e investigadores comprometidos con la formaci\u00f3n y el aprendizaje colectivo. Su labor orienta y acompa\u00f1a los procesos de investigaci\u00f3n y vinculaci\u00f3n estudiantil, fortaleciendo el pensamiento cr\u00edtico y el trabajo colaborativo dentro de la red.<\/p>\n<p>[\/et_pb_text][\/et_pb_column][\/et_pb_row][\/et_pb_section][et_pb_section fb_built=\u00bb1&#8243; _builder_version=\u00bb4.27.4&#8243; _module_preset=\u00bbdefault\u00bb global_colors_info=\u00bb{}\u00bb][et_pb_row column_structure=\u00bb1_2,1_2&#8243; _builder_version=\u00bb4.27.4&#8243; _module_preset=\u00bbdefault\u00bb global_colors_info=\u00bb{}\u00bb][et_pb_column type=\u00bb1_2&#8243; _builder_version=\u00bb4.27.4&#8243; _module_preset=\u00bbdefault\u00bb background_color=\u00bb#D98B29&#8243; border_radii=\u00bbon|15px|15px|15px|15px\u00bb global_colors_info=\u00bb{}\u00bb][et_pb_text _builder_version=\u00bb4.27.4&#8243; _module_preset=\u00bbdefault\u00bb text_text_color=\u00bb#FFFFFF\u00bb header_text_color=\u00bb#FFFFFF\u00bb custom_padding=\u00bb25px|31px|104px|28px||\u00bb global_colors_info=\u00bb{}\u00bb]<\/p>\n<h1>GRUPO DE INVESTIGACI\u00d3N<\/h1>\n<p>&nbsp;<\/p>\n<p style=\"text-align: justify;\">El objetivo del Programa Grupos de investigaci\u00f3n es contribuir a crear redes de investigaci\u00f3n, favoreciendo la cooperaci\u00f3n y la promoci\u00f3n de di\u00e1logos socio-jur\u00eddicos, con el prop\u00f3sito de crear conocimiento jur\u00eddico, socializar y difundirlo; especialmente, con enfoque latinoamericano.<\/p>\n<p>[\/et_pb_text][et_pb_button button_text=\u00bbListado de docentes\u00bb _builder_version=\u00bb4.27.4&#8243; _module_preset=\u00bbdefault\u00bb button_text_color=\u00bb#D98B29&#8243; button_border_radius=\u00bb41px\u00bb transform_scale=\u00bb98%|98%\u00bb transform_translate=\u00bb229px|-49px\u00bb transform_translate_linked=\u00bboff\u00bb background_layout=\u00bbdark\u00bb custom_margin=\u00bb0px||0px||false|false\u00bb custom_padding=\u00bb7px|24px|7px|24px|true|true\u00bb global_colors_info=\u00bb{}\u00bb][\/et_pb_button][et_pb_button button_text=\u00bbinscr\u00edbete\u00bb _builder_version=\u00bb4.27.4&#8243; _module_preset=\u00bbdefault\u00bb button_text_color=\u00bb#D98B29&#8243; button_border_radius=\u00bb41px\u00bb transform_scale=\u00bb98%|98%\u00bb transform_translate=\u00bb24px|-17px\u00bb transform_translate_linked=\u00bboff\u00bb background_layout=\u00bbdark\u00bb custom_margin=\u00bb-71px||0px||false|false\u00bb custom_padding=\u00bb7px|24px|7px|24px|true|true\u00bb global_colors_info=\u00bb{}\u00bb][\/et_pb_button][\/et_pb_column][et_pb_column type=\u00bb1_2&#8243; _builder_version=\u00bb4.27.4&#8243; _module_preset=\u00bbdefault\u00bb background_color=\u00bb#D98B29&#8243; border_radii=\u00bbon|15px|15px|15px|15px\u00bb global_colors_info=\u00bb{}\u00bb][et_pb_text _builder_version=\u00bb4.27.4&#8243; _module_preset=\u00bbdefault\u00bb text_text_color=\u00bb#FFFFFF\u00bb header_text_color=\u00bb#FFFFFF\u00bb custom_margin=\u00bb||0px|||\u00bb custom_padding=\u00bb25px|31px|0px|28px||\u00bb global_colors_info=\u00bb{}\u00bb]<\/p>\n<h1>PROGRAMAS DE PEDAGOG\u00cdA JUR\u00cdDICA<\/h1>\n<p style=\"text-align: justify;\">\n<p style=\"text-align: justify;\">Conoce las iniciativas que fortalecen la ense\u00f1anza del derecho desde una mirada integral e innovadora. Explora el Programa para la Ense\u00f1anza Integral del Derecho + Complejidad (PEID+C) de la Universidad de Atacama.<\/p>\n<p>[\/et_pb_text][et_pb_image src=\u00bbhttps:\/\/www.redalc.uda.cl\/wp-content\/uploads\/2025\/11\/logo-PEID-MAS-C-20.png\u00bb title_text=\u00bblogo PEID MAS C-20&#8243; url=\u00bbhttps:\/\/www.peid.uda.cl\/\u00bb _builder_version=\u00bb4.27.4&#8243; _module_preset=\u00bbdefault\u00bb transform_scale=\u00bb82%|82%\u00bb global_colors_info=\u00bb{}\u00bb][\/et_pb_image][\/et_pb_column][\/et_pb_row][\/et_pb_section][et_pb_section fb_built=\u00bb1&#8243; _builder_version=\u00bb4.27.4&#8243; _module_preset=\u00bbdefault\u00bb custom_padding=\u00bb||1px|||\u00bb global_colors_info=\u00bb{}\u00bb][et_pb_row column_structure=\u00bb1_2,1_2&#8243; _builder_version=\u00bb4.27.4&#8243; _module_preset=\u00bbdefault\u00bb custom_padding=\u00bb0px|||||\u00bb global_colors_info=\u00bb{}\u00bb][et_pb_column type=\u00bb1_2&#8243; _builder_version=\u00bb4.27.4&#8243; _module_preset=\u00bbdefault\u00bb global_colors_info=\u00bb{}\u00bb][et_pb_text _builder_version=\u00bb4.27.4&#8243; _module_preset=\u00bbdefault\u00bb text_font_size=\u00bb18px\u00bb header_text_color=\u00bb#D98B29&#8243; header_font_size=\u00bb55px\u00bb custom_margin=\u00bb||143px|||\u00bb global_colors_info=\u00bb{}\u00bb]<\/p>\n<h1>PUBLICACIONES REDALC<\/h1>\n<p>&nbsp;<\/p>\n<p>&nbsp;<\/p>\n<p>&nbsp;<\/p>\n<p style=\"text-align: justify;\">Este espacio re\u00fane libros y publicaciones de acceso gratuito elaborados por nuestros asociados. Su prop\u00f3sito es compartir el conocimiento generado en la red, fomentando la libre circulaci\u00f3n de ideas, la colaboraci\u00f3n acad\u00e9mica y el acceso abierto a la producci\u00f3n intelectual.<\/p>\n<p>[\/et_pb_text][et_pb_image src=\u00bbhttps:\/\/www.redalc.uda.cl\/wp-content\/uploads\/2025\/11\/boton-redes-20.png\u00bb title_text=\u00bbboton redes-20&#8243; url=\u00bb@ET-DC@eyJkeW5hbWljIjp0cnVlLCJjb250ZW50IjoicG9zdF9saW5rX3VybF9wYWdlIiwic2V0dGluZ3MiOnsicG9zdF9pZCI6IjQ3NTU5In19@\u00bb _builder_version=\u00bb4.27.4&#8243; _dynamic_attributes=\u00bburl\u00bb _module_preset=\u00bbdefault\u00bb custom_margin=\u00bb||-2px|||\u00bb global_colors_info=\u00bb{}\u00bb][\/et_pb_image][et_pb_button button_url=\u00bb@ET-DC@eyJkeW5hbWljIjp0cnVlLCJjb250ZW50IjoicG9zdF9saW5rX3VybF9wYWdlIiwic2V0dGluZ3MiOnsicG9zdF9pZCI6IjQ3NTU5In19@\u00bb button_text=\u00bbREPOSITORIO | PUBLICACIONES\u00bb _builder_version=\u00bb4.27.4&#8243; _dynamic_attributes=\u00bbbutton_url\u00bb _module_preset=\u00bbdefault\u00bb button_text_size=\u00bb18px\u00bb button_text_color=\u00bb#D98B29&#8243; button_bg_color=\u00bbRGBA(255,255,255,0)\u00bb button_border_radius=\u00bb41px\u00bb transform_scale=\u00bb98%|98%\u00bb transform_translate=\u00bb-59px|-85px\u00bb transform_translate_linked=\u00bboff\u00bb background_layout=\u00bbdark\u00bb custom_margin=\u00bb0px||0px||false|false\u00bb custom_padding=\u00bb7px|78px|7px|78px|true|true\u00bb global_colors_info=\u00bb{}\u00bb][\/et_pb_button][\/et_pb_column][et_pb_column type=\u00bb1_2&#8243; _builder_version=\u00bb4.27.4&#8243; _module_preset=\u00bbdefault\u00bb global_colors_info=\u00bb{}\u00bb][et_pb_slider _builder_version=\u00bb4.27.4&#8243; _module_preset=\u00bbdefault\u00bb custom_padding=\u00bb24px||37px|||\u00bb global_colors_info=\u00bb{}\u00bb][et_pb_slide button_link=\u00bb@ET-DC@eyJkeW5hbWljIjp0cnVlLCJjb250ZW50IjoicG9zdF9saW5rX3VybF9wYWdlIiwic2V0dGluZ3MiOnsicG9zdF9pZCI6IjQ3NTU5In19@\u00bb image=\u00bbhttps:\/\/www.redalc.uda.cl\/wp-content\/uploads\/2025\/11\/Captura-de-pantalla-2025-10-10-105529.png\u00bb use_bg_overlay=\u00bboff\u00bb use_text_overlay=\u00bboff\u00bb arrows_custom_color=\u00bb#000000&#8243; _builder_version=\u00bb4.27.4&#8243; _dynamic_attributes=\u00bbbutton_link\u00bb _module_preset=\u00bbdefault\u00bb background_color=\u00bb#D98B29&#8243; background_enable_color=\u00bbon\u00bb global_colors_info=\u00bb{}\u00bb sticky_transition=\u00bbon\u00bb]<\/p>\n<p style=\"text-align: justify;\">Pedagog\u00eda Jur\u00eddica como acci\u00f3n transformadora propone que la educaci\u00f3n en derecho no sea simplemente transmisi\u00f3n de normas y contenidos, sino un espacio para cuestionar, reflexionar y transformar la realidad jur\u00eddica y social.<\/p>\n<p>[\/et_pb_slide][et_pb_slide button_link=\u00bb@ET-DC@eyJkeW5hbWljIjp0cnVlLCJjb250ZW50IjoicG9zdF9saW5rX3VybF9wYWdlIiwic2V0dGluZ3MiOnsicG9zdF9pZCI6IjQ3NTU5In19@\u00bb image=\u00bbhttps:\/\/www.redalc.uda.cl\/wp-content\/uploads\/2025\/11\/Captura-de-pantalla-2025-10-10-105544.png\u00bb _builder_version=\u00bb4.27.4&#8243; _dynamic_attributes=\u00bbbutton_link\u00bb _module_preset=\u00bbdefault\u00bb background_color=\u00bb#D98B29&#8243; background_enable_color=\u00bbon\u00bb global_colors_info=\u00bb{}\u00bb sticky_transition=\u00bbon\u00bb]<\/p>\n<p style=\"text-align: justify;\">Esta obra invita a cuestionar qu\u00e9 tipo de profesionista del derecho reclama nuestra sociedad actual y c\u00f3mo podemos contribuir a su formaci\u00f3n desde las aulas universitarias. Cu\u00e1les son los ideales, habilidades y conocimientos que se requieren para revolucionar nuestra realidad jur\u00eddica mexicana y qu\u00e9 herramientas docentes se pueden implementar para lograrlo.<\/p>\n<p>[\/et_pb_slide][et_pb_slide image=\u00bbhttps:\/\/www.redalc.uda.cl\/wp-content\/uploads\/2025\/11\/Captura-de-pantalla-2025-10-10-105536.png\u00bb _builder_version=\u00bb4.27.4&#8243; _module_preset=\u00bbdefault\u00bb background_color=\u00bb#D98B29&#8243; background_enable_color=\u00bbon\u00bb global_colors_info=\u00bb{}\u00bb sticky_transition=\u00bbon\u00bb]<\/p>\n<p style=\"text-align: justify;\">La complejidad: un paradigma para la educaci\u00f3n (2018), de Taeli G\u00f3mez Francisco, propone una mirada cr\u00edtica e hist\u00f3rica sobre la educaci\u00f3n contempor\u00e1nea, destacando la urgencia de superar los modelos educativos lineales, reduccionistas y dominados por certezas r\u00edgidas.<\/p>\n<p>[\/et_pb_slide][\/et_pb_slider][\/et_pb_column][\/et_pb_row][\/et_pb_section][et_pb_section fb_built=\u00bb1&#8243; _builder_version=\u00bb4.27.4&#8243; _module_preset=\u00bbdefault\u00bb global_colors_info=\u00bb{}\u00bb][et_pb_row column_structure=\u00bb1_3,1_3,1_3&#8243; _builder_version=\u00bb4.27.4&#8243; _module_preset=\u00bbdefault\u00bb global_colors_info=\u00bb{}\u00bb][et_pb_column type=\u00bb1_3&#8243; _builder_version=\u00bb4.27.4&#8243; _module_preset=\u00bbdefault\u00bb global_colors_info=\u00bb{}\u00bb][et_pb_text _builder_version=\u00bb4.27.4&#8243; _module_preset=\u00bbdefault\u00bb text_font_size=\u00bb18px\u00bb header_text_color=\u00bb#D98B29&#8243; header_font_size=\u00bb40px\u00bb global_colors_info=\u00bb{}\u00bb]<\/p>\n<h1>REVISTAS Y EDITORIALES<br \/>ADHERIDAS<\/h1>\n<p style=\"text-align: justify;\">\n<p style=\"text-align: justify;\">\n<p style=\"text-align: justify;\">Explora publicaciones destacadas en pedagog\u00eda jur\u00eddica que impulsan la reflexi\u00f3n y el desarrollo acad\u00e9mico en la ense\u00f1anza del derecho. Conoce la Revista Pedagog\u00eda Universitaria y Did\u00e1ctica del Derecho de la Universidad de Chile y la Revista Academia de la Universidad de Buenos Aires.<\/p>\n<p>[\/et_pb_text][\/et_pb_column][et_pb_column type=\u00bb1_3&#8243; _builder_version=\u00bb4.27.4&#8243; _module_preset=\u00bbdefault\u00bb global_colors_info=\u00bb{}\u00bb][et_pb_image src=\u00bbhttps:\/\/www.redalc.uda.cl\/wp-content\/uploads\/2025\/11\/Captura-de-pantalla-2025-10-11-183528.png\u00bb title_text=\u00bbCaptura de pantalla 2025-10-11 183528&#8243; url=\u00bbhttps:\/\/pedagogiaderecho.uchile.cl\/\u00bb _builder_version=\u00bb4.27.4&#8243; _module_preset=\u00bbdefault\u00bb transform_scale=\u00bb150%|150%\u00bb transform_translate=\u00bb108px|37px\u00bb transform_translate_linked=\u00bboff\u00bb global_colors_info=\u00bb{}\u00bb][\/et_pb_image][\/et_pb_column][et_pb_column type=\u00bb1_3&#8243; _builder_version=\u00bb4.27.4&#8243; _module_preset=\u00bbdefault\u00bb global_colors_info=\u00bb{}\u00bb][et_pb_image src=\u00bbhttps:\/\/www.redalc.uda.cl\/wp-content\/uploads\/2025\/11\/Captura-de-pantalla-2025-10-11-183431.png\u00bb title_text=\u00bbCaptura de pantalla 2025-10-11 183431&#8243; url=\u00bbhttp:\/\/revistas.derecho.uba.ar\/index.php\/academia%20&#8243; _builder_version=\u00bb4.27.4&#8243; _module_preset=\u00bbdefault\u00bb transform_translate=\u00bb73px|0px\u00bb transform_translate_linked=\u00bboff\u00bb custom_padding=\u00bb|0px||||\u00bb global_colors_info=\u00bb{}\u00bb][\/et_pb_image][\/et_pb_column][\/et_pb_row][\/et_pb_section][et_pb_section fb_built=\u00bb1&#8243; _builder_version=\u00bb4.27.4&#8243; _module_preset=\u00bbdefault\u00bb background_color=\u00bb#D98B29&#8243; custom_padding=\u00bb0px||0px|||\u00bb global_colors_info=\u00bb{}\u00bb][et_pb_row column_structure=\u00bb1_2,1_2&#8243; _builder_version=\u00bb4.27.4&#8243; _module_preset=\u00bbdefault\u00bb global_colors_info=\u00bb{}\u00bb][et_pb_column type=\u00bb1_2&#8243; _builder_version=\u00bb4.27.4&#8243; _module_preset=\u00bbdefault\u00bb global_colors_info=\u00bb{}\u00bb][et_pb_text _builder_version=\u00bb4.27.4&#8243; _module_preset=\u00bbdefault\u00bb header_text_color=\u00bb#FFFFFF\u00bb header_font_size=\u00bb40px\u00bb custom_margin=\u00bb82px|||||\u00bb global_colors_info=\u00bb{}\u00bb]<\/p>\n<h1>GRUPOS DE INVESTIGACI\u00d3N<\/h1>\n<p>[\/et_pb_text][\/et_pb_column][et_pb_column type=\u00bb1_2&#8243; _builder_version=\u00bb4.27.4&#8243; _module_preset=\u00bbdefault\u00bb global_colors_info=\u00bb{}\u00bb][et_pb_text _builder_version=\u00bb4.27.4&#8243; _module_preset=\u00bbdefault\u00bb text_text_color=\u00bb#FFFFFF\u00bb text_font_size=\u00bb18px\u00bb global_colors_info=\u00bb{}\u00bb]<\/p>\n<p style=\"text-align: justify;\">A trav\u00e9s de las \u00e1reas de Derecho, Ciencias y Saberes, se busca fomentar el di\u00e1logo entre distintas perspectivas del conocimiento, impulsando proyectos que promuevan la justicia social, la sostenibilidad, la innovaci\u00f3n y la valoraci\u00f3n de los saberes territoriales y culturales.<\/p>\n<p style=\"text-align: justify;\">Cada \u00e1rea representa una forma distinta de comprender y transformar nuestra realidad, fortaleciendo el compromiso colectivo con la producci\u00f3n de conocimiento situado y latinoamericano.<\/p>\n<p>[\/et_pb_text][\/et_pb_column][\/et_pb_row][\/et_pb_section][et_pb_section fb_built=\u00bb1&#8243; _builder_version=\u00bb4.27.4&#8243; _module_preset=\u00bbdefault\u00bb global_colors_info=\u00bb{}\u00bb][et_pb_row column_structure=\u00bb1_2,1_2&#8243; _builder_version=\u00bb4.27.4&#8243; _module_preset=\u00bbdefault\u00bb background_color=\u00bb#D98B29&#8243; custom_padding=\u00bb0px|||38px||\u00bb hover_enabled=\u00bb0&#8243; border_radii=\u00bbon|15px|15px|15px|15px\u00bb global_colors_info=\u00bb{}\u00bb link_option_url=\u00bb@ET-DC@eyJkeW5hbWljIjp0cnVlLCJjb250ZW50IjoicG9zdF9saW5rX3VybF9wYWdlIiwic2V0dGluZ3MiOnsicG9zdF9pZCI6IjQ3NzI4In19@\u00bb _dynamic_attributes=\u00bblink_option_url\u00bb sticky_enabled=\u00bb0&#8243;][et_pb_column type=\u00bb1_2&#8243; _builder_version=\u00bb4.27.4&#8243; _module_preset=\u00bbdefault\u00bb global_colors_info=\u00bb{}\u00bb][et_pb_text _builder_version=\u00bb4.27.4&#8243; _module_preset=\u00bbdefault\u00bb text_text_color=\u00bb#FFFFFF\u00bb header_text_color=\u00bb#FFFFFF\u00bb custom_margin=\u00bb|7px||15px||\u00bb custom_padding=\u00bb78px|||||\u00bb global_colors_info=\u00bb{}\u00bb]<\/p>\n<h1>GRUPO DE DERECHO<\/h1>\n<p style=\"text-align: justify;\">El \u00e1rea de Derecho se orienta a la reflexi\u00f3n y construcci\u00f3n de marcos jur\u00eddicos m\u00e1s justos, inclusivos y contextualizados en las realidades latinoamericanas y caribe\u00f1as. A trav\u00e9s de un enfoque interdisciplinario, busca repensar la relaci\u00f3n entre el derecho, la sociedad y los derechos humanos, promoviendo el acceso a la justicia, la equidad y la protecci\u00f3n de los bienes comunes. Este espacio fomenta la investigaci\u00f3n cr\u00edtica sobre los sistemas normativos, el constitucionalismo latinoamericano, las pol\u00edticas p\u00fablicas y las transformaciones sociales vinculadas a lo jur\u00eddico.<\/p>\n<p>[\/et_pb_text][\/et_pb_column][et_pb_column type=\u00bb1_2&#8243; _builder_version=\u00bb4.27.4&#8243; _module_preset=\u00bbdefault\u00bb global_colors_info=\u00bb{}\u00bb][et_pb_image src=\u00bbhttps:\/\/www.redalc.uda.cl\/wp-content\/uploads\/2025\/11\/ICONO-GRUPOS-DE-INVESTIGACIONN-20.png\u00bb title_text=\u00bbICONO GRUPOS DE INVESTIGACIONN-20&#8243; _builder_version=\u00bb4.27.4&#8243; _module_preset=\u00bbdefault\u00bb custom_margin=\u00bb||-45px|||\u00bb custom_padding=\u00bb|22px||||\u00bb global_colors_info=\u00bb{}\u00bb][\/et_pb_image][\/et_pb_column][\/et_pb_row][\/et_pb_section][et_pb_section fb_built=\u00bb1&#8243; _builder_version=\u00bb4.27.4&#8243; _module_preset=\u00bbdefault\u00bb global_colors_info=\u00bb{}\u00bb][et_pb_row column_structure=\u00bb1_2,1_2&#8243; _builder_version=\u00bb4.27.4&#8243; _module_preset=\u00bbdefault\u00bb background_color=\u00bb#D98B29&#8243; custom_padding=\u00bb0px||11px|31px||\u00bb hover_enabled=\u00bb0&#8243; border_radii=\u00bbon|15px|15px|15px|15px\u00bb global_colors_info=\u00bb{}\u00bb link_option_url=\u00bb@ET-DC@eyJkeW5hbWljIjp0cnVlLCJjb250ZW50IjoicG9zdF9saW5rX3VybF9wYWdlIiwic2V0dGluZ3MiOnsicG9zdF9pZCI6IjQ3NzM5In19@\u00bb _dynamic_attributes=\u00bblink_option_url\u00bb sticky_enabled=\u00bb0&#8243;][et_pb_column type=\u00bb1_2&#8243; _builder_version=\u00bb4.27.4&#8243; _module_preset=\u00bbdefault\u00bb global_colors_info=\u00bb{}\u00bb][et_pb_text _builder_version=\u00bb4.27.4&#8243; _module_preset=\u00bbdefault\u00bb text_text_color=\u00bb#FFFFFF\u00bb header_text_color=\u00bb#FFFFFF\u00bb custom_margin=\u00bb|8px||||\u00bb custom_padding=\u00bb85px|||20px||\u00bb global_colors_info=\u00bb{}\u00bb]<\/p>\n<h1>GRUPO DE CIENCIAS<\/h1>\n<p style=\"text-align: justify;\">El \u00e1rea de Ciencias re\u00fane investigaciones provenientes de distintos campos del conocimiento sociales, naturales, pol\u00edticas, econ\u00f3micas y tecnol\u00f3gicas con el prop\u00f3sito de contribuir al desarrollo sostenible, la innovaci\u00f3n y la mejora de las condiciones de vida en la regi\u00f3n. Se promueve la colaboraci\u00f3n entre disciplinas y territorios, impulsando proyectos que analicen los fen\u00f3menos contempor\u00e1neos desde perspectivas inclusivas, \u00e9ticas y comprometidas con la realidad latinoamericana. Este espacio busca fortalecer la relaci\u00f3n entre la investigaci\u00f3n cient\u00edfica y las necesidades concretas de las comunidades.<\/p>\n<p>[\/et_pb_text][\/et_pb_column][et_pb_column type=\u00bb1_2&#8243; _builder_version=\u00bb4.27.4&#8243; _module_preset=\u00bbdefault\u00bb global_colors_info=\u00bb{}\u00bb][et_pb_image src=\u00bbhttps:\/\/www.redalc.uda.cl\/wp-content\/uploads\/2025\/11\/ICONO-GRUPOS-DE-INVESTIGACIONN-21.png\u00bb title_text=\u00bbICONO GRUPOS DE INVESTIGACIONN-21&#8243; _builder_version=\u00bb4.27.4&#8243; _module_preset=\u00bbdefault\u00bb custom_margin=\u00bb||-27px|||\u00bb custom_padding=\u00bb|19px||||\u00bb global_colors_info=\u00bb{}\u00bb][\/et_pb_image][\/et_pb_column][\/et_pb_row][\/et_pb_section][et_pb_section fb_built=\u00bb1&#8243; _builder_version=\u00bb4.27.4&#8243; _module_preset=\u00bbdefault\u00bb global_colors_info=\u00bb{}\u00bb][et_pb_row column_structure=\u00bb1_2,1_2&#8243; _builder_version=\u00bb4.27.4&#8243; _module_preset=\u00bbdefault\u00bb background_color=\u00bb#D98B29&#8243; custom_padding=\u00bb0px||0px|38px||\u00bb hover_enabled=\u00bb0&#8243; border_radii=\u00bbon|15px|15px|15px|15px\u00bb global_colors_info=\u00bb{}\u00bb link_option_url=\u00bb@ET-DC@eyJkeW5hbWljIjp0cnVlLCJjb250ZW50IjoicG9zdF9saW5rX3VybF9wYWdlIiwic2V0dGluZ3MiOnsicG9zdF9pZCI6IjQ3NzUwIn19@\u00bb _dynamic_attributes=\u00bblink_option_url\u00bb sticky_enabled=\u00bb0&#8243;][et_pb_column type=\u00bb1_2&#8243; _builder_version=\u00bb4.27.4&#8243; _module_preset=\u00bbdefault\u00bb global_colors_info=\u00bb{}\u00bb][et_pb_text _builder_version=\u00bb4.27.4&#8243; _module_preset=\u00bbdefault\u00bb text_text_color=\u00bb#FFFFFF\u00bb header_text_color=\u00bb#FFFFFF\u00bb custom_margin=\u00bb|11px||||\u00bb custom_padding=\u00bb75px|||0px||\u00bb global_colors_info=\u00bb{}\u00bb]<\/p>\n<h1>GRUPO DE SABERES<\/h1>\n<p style=\"text-align: justify;\">El \u00e1rea de Saberes reconoce y valora los conocimientos que emergen desde la experiencia, la cultura y las pr\u00e1cticas cotidianas de los pueblos latinoamericanos y caribe\u00f1os. Este espacio promueve el di\u00e1logo entre saberes acad\u00e9micos, ancestrales, art\u00edsticos y comunitarios, destacando la importancia de las memorias, la identidad y la creatividad como fuentes leg\u00edtimas de conocimiento. A trav\u00e9s de la investigaci\u00f3n colaborativa y el trabajo territorial, se busca visibilizar formas alternativas de comprender y transformar el mundo, poniendo en el centro la diversidad y la dignidad de los pueblos.<\/p>\n<p>[\/et_pb_text][\/et_pb_column][et_pb_column type=\u00bb1_2&#8243; _builder_version=\u00bb4.27.4&#8243; _module_preset=\u00bbdefault\u00bb global_colors_info=\u00bb{}\u00bb][et_pb_image src=\u00bbhttps:\/\/www.redalc.uda.cl\/wp-content\/uploads\/2025\/11\/ICONO-GRUPOS-DE-INVESTIGACIONN-22.png\u00bb title_text=\u00bbICONO GRUPOS DE INVESTIGACIONN-22&#8243; _builder_version=\u00bb4.27.4&#8243; _module_preset=\u00bbdefault\u00bb custom_padding=\u00bb|19px||||\u00bb global_colors_info=\u00bb{}\u00bb][\/et_pb_image][\/et_pb_column][\/et_pb_row][\/et_pb_section]<\/p>\n","protected":false},"excerpt":{"rendered":"<p>REDES DE DOCENTESEl cuerpo docente que colabora con REDALC est\u00e1 conformado por acad\u00e9micos e investigadores comprometidos con la formaci\u00f3n y el aprendizaje colectivo. Su labor orienta y acompa\u00f1a los procesos de investigaci\u00f3n y vinculaci\u00f3n estudiantil, fortaleciendo el pensamiento cr\u00edtico y el trabajo colaborativo dentro de la red.GRUPO DE INVESTIGACI\u00d3N &nbsp; El objetivo del Programa Grupos [&hellip;]<\/p>\n","protected":false},"author":3,"featured_media":0,"parent":0,"menu_order":0,"comment_status":"closed","ping_status":"closed","template":"","meta":{"_et_pb_use_builder":"on","_et_pb_old_content":"","_et_gb_content_width":"","footnotes":""},"class_list":["post-47685","page","type-page","status-publish","hentry"],"_links":{"self":[{"href":"https:\/\/www.redalc.uda.cl\/index.php\/wp-json\/wp\/v2\/pages\/47685","targetHints":{"allow":["GET"]}}],"collection":[{"href":"https:\/\/www.redalc.uda.cl\/index.php\/wp-json\/wp\/v2\/pages"}],"about":[{"href":"https:\/\/www.redalc.uda.cl\/index.php\/wp-json\/wp\/v2\/types\/page"}],"author":[{"embeddable":true,"href":"https:\/\/www.redalc.uda.cl\/index.php\/wp-json\/wp\/v2\/users\/3"}],"replies":[{"embeddable":true,"href":"https:\/\/www.redalc.uda.cl\/index.php\/wp-json\/wp\/v2\/comments?post=47685"}],"version-history":[{"count":19,"href":"https:\/\/www.redalc.uda.cl\/index.php\/wp-json\/wp\/v2\/pages\/47685\/revisions"}],"predecessor-version":[{"id":48063,"href":"https:\/\/www.redalc.uda.cl\/index.php\/wp-json\/wp\/v2\/pages\/47685\/revisions\/48063"}],"wp:attachment":[{"href":"https:\/\/www.redalc.uda.cl\/index.php\/wp-json\/wp\/v2\/media?parent=47685"}],"curies":[{"name":"wp","href":"https:\/\/api.w.org\/{rel}","templated":true}]}}