{"id":1912,"date":"2021-06-11T22:14:07","date_gmt":"2021-06-12T01:14:07","guid":{"rendered":"http:\/\/www.redalc.uda.cl\/?page_id=1912"},"modified":"2026-02-28T21:06:59","modified_gmt":"2026-03-01T00:06:59","slug":"como-puede-adherirse-una-institucion-a-redalc","status":"publish","type":"page","link":"https:\/\/www.redalc.uda.cl\/index.php\/como-puede-adherirse-una-institucion-a-redalc\/","title":{"rendered":"C\u00f3mo puede adherirse una Instituci\u00f3n\u00a0 \u00a0a REDALC"},"content":{"rendered":"<p>[et_pb_section fb_built=\u00bb1&#8243; _builder_version=\u00bb4.16&#8243; global_colors_info=\u00bb{}\u00bb][et_pb_row column_structure=\u00bb1_2,1_2&#8243; _builder_version=\u00bb4.27.5&#8243; background_image=\u00bbhttps:\/\/www.redalc.uda.cl\/wp-content\/uploads\/2021\/05\/balanza-america.jpg\u00bb min_height=\u00bb263px\u00bb custom_margin=\u00bb8px|auto||auto||\u00bb custom_padding=\u00bb27px||0px|||\u00bb global_colors_info=\u00bb{}\u00bb][et_pb_column type=\u00bb1_2&#8243; _builder_version=\u00bb4.16&#8243; global_colors_info=\u00bb{}\u00bb][et_pb_text _builder_version=\u00bb4.27.5&#8243; _module_preset=\u00bbdefault\u00bb global_colors_info=\u00bb{}\u00bb]<\/p>\n<h2><span><strong>Inscr\u00edbete a REDALC en este formulario\u00a0<\/strong><\/span><\/h2>\n<p>[\/et_pb_text][et_pb_button button_url=\u00bbhttps:\/\/forms.gle\/JeyUCsEbQ2Zmx6aE8&#8243; button_text=\u00bbInscr\u00edbete aqu\u00ed  a REDALC\u00bb _builder_version=\u00bb4.27.5&#8243; _module_preset=\u00bbdefault\u00bb button_text_size=\u00bb18px\u00bb button_text_color=\u00bb#FFFFFF\u00bb button_bg_color=\u00bb#266BA6&#8243; button_border_radius=\u00bb41px\u00bb transform_scale=\u00bb98%|98%\u00bb transform_translate_linked=\u00bboff\u00bb background_layout=\u00bbdark\u00bb custom_margin=\u00bb0px||-3px||false|false\u00bb custom_padding=\u00bb4px|24px|4px|24px|true|true\u00bb global_colors_info=\u00bb{}\u00bb][\/et_pb_button][\/et_pb_column][et_pb_column type=\u00bb1_2&#8243; _builder_version=\u00bb4.16&#8243; global_colors_info=\u00bb{}\u00bb][et_pb_text _builder_version=\u00bb4.27.5&#8243; text_font_size=\u00bb19px\u00bb text_letter_spacing=\u00bb1px\u00bb text_line_height=\u00bb1.8em\u00bb min_height=\u00bb423.2px\u00bb custom_margin=\u00bb||-164px|||\u00bb custom_padding=\u00bb|||7px||\u00bb global_colors_info=\u00bb{}\u00bb]<\/p>\n<h3><span><strong>Puede adherirse <\/strong><\/span><span><strong>a REDALC una Universidad, instituci\u00f3n, Red u otra organizaci\u00f3n o colectivo\u00a0\u00a0<\/strong><\/span><\/h3>\n<p><strong style=\"color: #000000; font-size: 19px;\">Requisitos para formar parte de REDALC<\/strong><\/p>\n<ul>\n<li><strong>El Representante <\/strong><strong>\u00a0debe adscribir a la <span style=\"color: #022859;\"><a href=\"https:\/\/www.redalc.uda.cl\/wp-content\/uploads\/2026\/02\/1-CARTA-ADHESION-REDALC-ONLINE.docx\" style=\"color: #022859;\">Carta de adhesi\u00f3n\u00a0<\/a><\/span> y enviarla <\/strong><strong style=\"font-size: 19px;\">al correo <a href=\"mailto:redalc@uda.cl\">redalc@uda.cl<\/a> con el asunto \u00abCarta de Adhesi\u00f3n &#8211; Nombre Instituci\u00f3n\u00bb.<\/strong><\/li>\n<li><strong style=\"font-size: 19px;\"><\/strong><\/li>\n<\/ul>\n<ul>\n<li><strong>Recibida la <u>carta de adhesi\u00f3n <\/u>se le har\u00e1 llegar\u00a0 una notificaci\u00f3n de aceptaci\u00f3n formal que da cuenta de su incorporaci\u00f3n al Registro de REDALC.<\/strong><br \/><strong><\/strong><\/li>\n<\/ul>\n<p><strong><\/strong><\/p>\n<p><strong><\/strong><\/p>\n<p><strong><\/strong><\/p>\n<p><strong><\/strong><\/p>\n<p><strong><\/strong><\/p>\n<p><strong><\/strong><\/p>\n<p><strong><\/strong><\/p>\n<p><strong><\/strong><\/p>\n<p><strong><\/strong><\/p>\n<p><strong><\/strong><\/p>\n<p>[\/et_pb_text][et_pb_button button_url=\u00bbhttps:\/\/www.redalc.uda.cl\/wp-content\/uploads\/2026\/02\/1-CARTA-ADHESION-REDALC-ONLINE.docx\u00bb button_text=\u00bbadhiere a tu instituci\u00f3n\/organizaci\u00f3n\/red\u00bb _builder_version=\u00bb4.27.5&#8243; _module_preset=\u00bbdefault\u00bb button_text_size=\u00bb18px\u00bb button_text_color=\u00bb#FFFFFF\u00bb button_bg_color=\u00bb#266BA6&#8243; button_border_radius=\u00bb41px\u00bb transform_scale=\u00bb98%|98%\u00bb transform_translate_linked=\u00bboff\u00bb background_layout=\u00bbdark\u00bb custom_margin=\u00bb0px||0px||false|false\u00bb custom_padding=\u00bb7px|24px|7px|24px|true|true\u00bb hover_enabled=\u00bb0&#8243; global_colors_info=\u00bb{}\u00bb sticky_enabled=\u00bb0&#8243;][\/et_pb_button][\/et_pb_column][\/et_pb_row][\/et_pb_section]<\/p>\n","protected":false},"excerpt":{"rendered":"<p>Inscr\u00edbete a REDALC en este formulario\u00a0Puede adherirse a REDALC una Universidad, instituci\u00f3n, Red u otra organizaci\u00f3n o colectivo\u00a0\u00a0 Requisitos para formar parte de REDALC El Representante \u00a0debe adscribir a la Carta de adhesi\u00f3n\u00a0 y enviarla al correo redalc@uda.cl con el asunto \u00abCarta de Adhesi\u00f3n &#8211; Nombre Instituci\u00f3n\u00bb. Recibida la carta de adhesi\u00f3n se le har\u00e1 [&hellip;]<\/p>\n","protected":false},"author":2,"featured_media":0,"parent":0,"menu_order":0,"comment_status":"closed","ping_status":"closed","template":"","meta":{"_et_pb_use_builder":"on","_et_pb_old_content":"","_et_gb_content_width":"","footnotes":""},"class_list":["post-1912","page","type-page","status-publish","hentry"],"_links":{"self":[{"href":"https:\/\/www.redalc.uda.cl\/index.php\/wp-json\/wp\/v2\/pages\/1912","targetHints":{"allow":["GET"]}}],"collection":[{"href":"https:\/\/www.redalc.uda.cl\/index.php\/wp-json\/wp\/v2\/pages"}],"about":[{"href":"https:\/\/www.redalc.uda.cl\/index.php\/wp-json\/wp\/v2\/types\/page"}],"author":[{"embeddable":true,"href":"https:\/\/www.redalc.uda.cl\/index.php\/wp-json\/wp\/v2\/users\/2"}],"replies":[{"embeddable":true,"href":"https:\/\/www.redalc.uda.cl\/index.php\/wp-json\/wp\/v2\/comments?post=1912"}],"version-history":[{"count":21,"href":"https:\/\/www.redalc.uda.cl\/index.php\/wp-json\/wp\/v2\/pages\/1912\/revisions"}],"predecessor-version":[{"id":49331,"href":"https:\/\/www.redalc.uda.cl\/index.php\/wp-json\/wp\/v2\/pages\/1912\/revisions\/49331"}],"wp:attachment":[{"href":"https:\/\/www.redalc.uda.cl\/index.php\/wp-json\/wp\/v2\/media?parent=1912"}],"curies":[{"name":"wp","href":"https:\/\/api.w.org\/{rel}","templated":true}]}}